953
List the prime factors of 1463614.
2, 731807
What are the prime factors of 6283990?
2, 5, 628399
What are the prime factors of 3634416?
2, 3, 47, 179
List the prime factors of 16215444.
2, 3, 7, 89, 241
What are the prime factors of 299946?
2, 3, 49991
What are the prime factors of 42866?
2, 21433
What are the prime factors of 2266456?
2, 491, 577
What are the prime factors of 7881645?
3, 5, 181, 2903
What are the prime factors of 36602?
2, 18301
List the prime factors of 7456364.
2, 29, 64279
What are the prime factors of 3411961?
7, 487423
List the prime factors of 273356.
2, 37, 1847
List the prime factors of 4372185.
3, 5, 19, 23, 29
What are the prime factors of 443873?
443873
What are the prime factors of 156560?
2, 5, 19, 103
What are the prime factors of 3880507?
3880507
What are the prime factors of 294789?
3, 11, 8933
What are the prime factors of 4021095?
3, 5, 13, 17, 1213
What are the prime factors of 3927196?
2, 7, 13, 10789
What are the prime factors of 1207599?
3, 383, 1051
What are the prime factors of 14010614?
2, 191, 36677
What are the prime factors of 9918737?
151, 65687
List the prime factors of 22179713.
17, 797, 1637
List the prime factors of 3604796.
2, 13, 181, 383
What are the prime factors of 31675283?
31675283
What are the prime factors of 944581?
11, 43, 1997
What are the prime factors of 2369?
23, 103
List the prime factors of 532109.
409, 1301
List the prime factors of 8723921.
8723921
What are the prime factors of 127280?
2, 5, 37, 43
What are the prime factors of 476?
2, 7, 17
List the prime factors of 698758.
2, 349379
What are the prime factors of 462807?
3, 61, 281
List the prime factors of 2475837.
3, 7, 13, 3023
List the prime factors of 15842114.
2, 7921057
List the prime factors of 4395613.
4395613
List the prime factors of 610963.
17, 83, 433
What are the prime factors of 731734?
2, 569, 643
List the prime factors of 1162365.
3, 5, 77491
What are the prime factors of 223790?
2, 5, 7, 23, 139
List the prime factors of 1454976.
2, 3, 421
What are the prime factors of 255069?
3, 47, 67
List the prime factors of 2588767.
2588767
What are the prime factors of 1548808?
2, 193601
What are the prime factors of 53633?
53633
What are the prime factors of 1022824?
2, 11, 59, 197
What are the prime factors of 1988339?
1988339
List the prime factors of 890107.
890107
List the prime factors of 793075.
5, 31723
What are the prime factors of 202419?
3, 7, 17
List the prime factors of 1308438.
2, 3, 157, 463
What are the prime factors of 435836?
2, 108959
List the prime factors of 994091.
7, 29, 59, 83
What are the prime factors of 16607266?
2, 13, 17, 37573
List the prime factors of 761587.
733, 1039
What are the prime factors of 215646?
2, 3, 127, 283
List the prime factors of 1477929.
3, 17, 28979
What are the prime factors of 1968547?
7, 23, 12227
List the prime factors of 118093.
118093
What are the prime factors of 2375560?
2, 5, 11, 5399
What are the prime factors of 1778425?
5, 11, 29, 223
List the prime factors of 1387949.
73, 19013
List the prime factors of 2341244.
2, 31, 79, 239
List the prime factors of 169261.
193, 877
What are the prime factors of 335455?
5, 23, 2917
List the prime factors of 7649193.
3, 2549731
List the prime factors of 19945310.
2, 5, 7, 11, 25903
List the prime factors of 1027754.
2, 7, 13, 5647
List the prime factors of 2238984.
2, 3, 11, 257
What are the prime factors of 448747?
13, 34519
List the prime factors of 26063302.
2, 13031651
List the prime factors of 44555.
5, 7, 19, 67
What are the prime factors of 5174660?
2, 5, 258733
List the prime factors of 5023295.
5, 1004659
List the prime factors of 2794027.
41, 68147
What are the prime factors of 669095?
5, 7, 2731
List the prime factors of 10598201.
61, 173741
What are the prime factors of 11031?
3, 3677
List the prime factors of 320620.
2, 5, 17, 23, 41
List the prime factors of 217060.
2, 5, 10853
List the prime factors of 1265298.
2, 3, 227, 929
List the prime factors of 11595569.
11595569
List the prime factors of 2740278.
2, 3, 157, 2909
What are the prime factors of 524022?
2, 3, 87337
List the prime factors of 1647578.
2, 823789
What are the prime factors of 2191099?
19, 115321
What are the prime factors of 255667?
255667
What are the prime factors of 933148?
2, 79, 2953
What are the prime factors of 91617?
3, 30539
List the prime factors of 2086283.
47, 44389
What are the prime factors of 271096?
2, 7, 47, 103
What are the prime factors of 3884419?
7, 11, 61, 827
What are the prime factors of 205894?
2, 13, 7919
List the prime factors of 73053.
3, 8117
What are the prime factors of 14973664?
2, 467927
List the prime factors of 455744.
2, 7121
List the prime factors of 1173262.
2, 586631
List the prime factors of 761516.
2, 7, 27197
List the prime factors of 449355.
3, 5, 29, 1033
What are the prime factors of 22553559?
3, 7, 13259
List the prime factors of 257157.
3, 28573
What are the prime factors of 6723347?
17, 395491
List the prime factors of 9338583.
3, 587, 5303
List the prime factors of 1271361.
3, 7, 13, 4657
What are the prime factors of 1931681?
1931681
What are the prime factors of 10385475?
3, 5, 59, 2347
What are the prime factors of 3030332?
2, 757583
List the prime factors of 1629137.
1629137
List the prime factors of 230932.
2, 13, 4441
List the prime factors of 200378.
2, 100189
List the prime factors of 709846.
2, 97, 3659
List the prime factors of 687586.
2, 59, 5827
What are the prime factors of 1989128?
2, 248641
What are the prime factors of 777644?
2, 7, 27773
List the prime factors of 76015.
5, 23, 661
List the prime factors of 1540995.
3, 5, 19, 5407
What are the prime factors of 3152861?
3152861
List the prime factors of 8780.
2, 5, 439
What are the prime factors of 270281?
11, 24571
List the prime factors of 7975914.
2, 3, 157, 8467
List the prime factors of 12055.
5, 2411
What are the prime factors of 639227?
383, 1669
What are the prime factors of 3819761?
11, 347251
What are the prime factors of 214298?
2, 7, 15307
What are the prime factors of 1184872?
2, 13, 11393
What are the prime factors of 737477?
13, 17, 47, 71
What are the prime factors of 64061?
29, 47
List the prime factors of 215153.
215153
What are the prime factors of 13298925?
3, 5, 177319
List the prime factors of 1919675.
5, 31, 2477
List the prime factors of 99046.
2, 49523
What are the prime factors of 10640193?
3, 113, 31387
List the prime factors of 6391658.
2, 7, 13, 29, 173
List the prime factors of 31932776.
2, 37, 107881
What are the prime factors of 6484146?
2, 3, 31, 71, 491
List the prime factors of 95061.
3, 31687
List the prime factors of 191292.
2, 3, 19, 839
List the prime factors of 50422.
2, 17, 1483
List the prime factors of 9778104.
2, 3, 7, 29, 223
What are the prime factors of 496463?
11, 373
List the prime factors of 1003028.
2, 13, 19289
What are the prime factors of 733413?
3, 244471
List the prime factors of 8430725.
5, 17, 83, 239
What are the prime factors of 73581?
3, 24527
List the prime factors of 15105.
3, 5, 19, 53
List the prime factors of 292010.
2, 5, 29201
List the prime factors of 2571696.
2, 3, 5953
List the prime factors of 624004.
2, 73, 2137
What are the prime factors of 162627?
3, 151, 359
What are the prime factors of 416543?
416543
What are the prime factors of 15618499?
13, 41, 29303
List the prime factors of 21473251.
1399, 15349
List the prime factors of 7463.
17, 439
What are the prime factors of 36369647?
17, 23, 191, 487
What are the prime factors of 329666?
2, 191, 863
List the prime factors of 520602.
2, 3, 86767
List the prime factors of 24561.
3, 2729
List the prime factors of 283069.
29, 43, 227
List the prime factors of 32945235.
3, 5, 17, 129197
List the prime factors of 1015453.
1015453
List the prime factors of 13257493.
13257493
What are the prime factors of 6437024?
2, 11, 18287
What are the prime factors of 16878561?
3, 7, 803741
List the prime factors of 550068.
2, 3, 23, 1993
List the prime factors of 718990.
2, 5, 71899
What are the prime factors of 1990976?
2, 13, 2393
List the prime factors of 233635.
5, 46727
List the prime factors of 288032.
2, 9001
List the prime factors of 69169.
263
What are the prime factors of 925344?
2, 3, 7, 17
What are the